t).
6
Let r(l) = 11*l + 11*l**2 - 3 + 16*l**3 - 18*l**3 - 10. Let f(o) = -o**3 + 6*o**2 + 5*o - 7. Let g(p) = -5*f(p) + 3*r(p). Give g(5).
-14
Let q be 4/6*3/(-2). Let p(w) = w**3 + w**2 + w. Let d(l) = l**3 - 4*l**2 - 4*l - 3. Let u(r) = q*p(r) - d(r). Let h be 2/3*3/4*6. Give u(h).
-15
Let b(d) = -2*d + 7. Suppose -62*g - 45 = -67*g. Suppose 0 = g*v - 51 - 12. Calculate b(v).
-7
Let n(f) = -f**2 - 7*f - 13. Let b = 936 - 943. What is n(b)?
-13
Let m(p) = -p - 1. Let y be (-3 - 1)*(-1 - (-3)/6). Suppose -4*o - 6 = l, 0 = -2*l - 2*l + y*o - 6. Calculate m(l).
1
Let j(u) = 3*u - 23. Let z(d) be the second derivative of d**3/6 - 7*d**2/2 + 9*d. Let y(q) = -6*j(q) + 17*z(q). Calculate y(9).
10
Let o(v) = v - 24*v**3 - 25*v**3 + 50*v**3. Give o(0).
0
Let j be (-30)/(-45)*(-15)/2. Let a = -5 - j. Let d(u) = u**3 - 20. What is d(a)?
-20
Suppose 5*z - 5*q = 0, -5*q = -4 - 6. Let m = -294 + 332. Let c(l) = -m*l + l**z + 38*l + 2. What is c(2)?
6
Let r(v) = -11 + 15*v - 21*v + 2*v + 12*v + v**2. What is r(-8)?
-11
Let a(b) = -2*b + 7. Suppose -16*m + 12*m = 20. Determine a(m).
17
Let c = -2 + 3. Let p(k) = -12 + 9*k + 0 + 13 - 11*k. What is p(c)?
-1
Suppose 0 = -26*o + 302 - 94. Let v(h) = h**3 - 7*h**2 - 9*h + 3. Give v(o).
-5
Let b(w) = -2*w - 7. Suppose 45*m - 64 = 37*m. Calculate b(m).
-23
Let r(z) = -z**3 + 2*z**2 + 3*z - 3. Let t(q) = -q**3 + q**2 + 2*q - 2. Suppose 4*v = 5*s - 32, 8 = s - 5*v - 11. Let m(y) = s*r(y) - 5*t(y). Calculate m(-3).
-8
Let p(j) = -j**2. Let b(m) = 0*m + 6*m - 2*m - 3*m. Let t(w) = 6*b(w) - p(w). What is t(-5)?
-5
Let j(y) = -5*y**2 - 51*y - 34. Let r(a) = -a**2 - 10*a - 7. Let f(z) = 2*j(z) - 11*r(z). Let b(c) = -12 + 16 + 9*c + 6*c - 4*c. Let q be b(-1). Determine f(q).
2
Let u be (-2)/(-14) - (-8)/(-56). Suppose 3*r + 21 + 30 = u. Let s = -14 - r. Let d(p) = p - 2. What is d(s)?
1
Let d(s) = 9*s**2 - 3*s - 2. Let m(v) be the second derivative of -13*v**4/12 + 5*v**3/6 + 3*v**2/2 + 17*v. Let w(t) = 7*d(t) + 5*m(t). Determine w(3).
-5
Let b = 163 - 155. Let s(y) = 4*y**2 - y - 1. Let n be s(-1). Suppose -n*x = 28 - b. Let a(j) = -j**3 - 5*j**2 + 2*j + 1. Give a(x).
-9
Let f(q) be the second derivative of q**7/2520 + q**5/8 + 19*q**4/12 + 39*q. Let r(z) be the third derivative of f(z). Determine r(0).
15
Suppose 5*f + 0*a - 20 = -3*a, 3*f - 4*a = -17. Let g(t) be the first derivative of 1/2*t**2 + 4*t + f. Determine g(0).
4
Let a(d) = -d**2 - 8*d + 6. Let c be 9/12*(6 - 2). Suppose 3*g + 47 = 4*k, -36 = 3*g - c*k + 6. Let z be a(g). Let y(h) = -h**2 - 2*h + 4. Give y(z).
1
Let j(q) = -19*q + 30. Let p(w) = 44*w - 59. Let y(z) = -5*j(z) - 2*p(z). Determine y(5).
3
Let w(o) = -o**2 - 8*o - 5. Let z(i) = 2*i**2 + 9*i + 3. Let x(s) = 3*w(s) + 2*z(s). Give x(6).
-9
Let l be (-198)/(-66) + 0/(-1). Let b(n) = -11*n**2 + 17*n - 2. Let o(i) = 7*i**2 - 11*i + 1. Let k(z) = -5*b(z) - 8*o(z). Give k(l).
2
Let v(w) = 29*w + 13. Let n(j) = -34*j - 14. Let y(c) = 6*n(c) + 7*v(c). What is y(9)?
-2
Suppose -89*y - 135*y - 880 = 1584. Let k(r) be the third derivative of -r**5/60 - 13*r**4/24 - 7*r**3/6 - r**2. Determine k(y).
15
Let a(l) = -12 + 4*l - 3 + 16 - 81*l**2 + 80*l**2. Let r(j) = 3*j - 1. Let s be r(2). What is a(s)?
-4
Let u = -506 + 489. Let x(f) = f**3 + 17*f**2 + f + 10. Calculate x(u).
-7
Let h(v) = v**2 - 11*v + 10. Suppose 26 + 14 = 4*c. Give h(c).
0
Let j(l) = -4*l**2 + 3*l + 11. Let p(q) = -q**2 - q + 2. Let x(f) = -j(f) + 3*p(f). Determine x(7).
2
Let o(y) = -8*y**3 + 3*y**2 - 9*y - 8. Let u(r) = 6*r**3 - 2*r**2 + 8*r + 7. Let l(v) = 4*o(v) + 5*u(v). Calculate l(-2).
19
Let t(n) be the third derivative of n**7/840 + n**6/45 - 3*n**5/40 - 7*n**4/24 + 2*n**3 - 14*n**2. Let r(d) be the first derivative of t(d). Determine r(-9).
-7
Let t(h) = -3*h - 1. Let q be (-1)/(-1)*(-25)/(-5). Let d be 2/(-4) + (-11)/(-2). Suppose q*w - d*f - 5 = 0, 7 = -w - 3*f - 4. Calculate t(w).
5
Let t(k) = 2*k**2 - 7*k + 4. Let o(j) = 2*j**2 - 6*j + 3. Let w = 3 - -3. Let n(i) = w*o(i) - 5*t(i). Let u(s) be the first derivative of n(s). Determine u(-2).
-9
Let x(p) = -1. Let q(z) = -z + 5. Let v(d) = -10 + d + d - 2*d + 2*d. Let g(b) = 7*q(b) + 4*v(b). Let u(s) = -g(s) + 6*x(s). Determine u(6).
-7
Suppose 19 = -5*i + 9. Let b(w) = -7*w - 1. Calculate b(i).
13
Let s(p) be the first derivative of -3*p**2/2 + 4*p - 2. Let l(v) = -v**2 - 5*v - 1. Let x be l(-2). Suppose -x*o = 0, 3 = a - 2*o - 2*o. What is s(a)?
-5
Let t be ((-1)/3)/((-5)/90). Let i(y) = -1 - 18*y**2 + 11*y**2 + y**3 + t*y**2 + 5*y**2. Calculate i(-4).
-1
Let v(a) = 3*a - 2*a - 2*a + 1. Let r be -3 + 1 + (-13 - (-22)/2). What is v(r)?
5
Let m(g) be the third derivative of 0*g**5 + 0*g**3 - 1/8*g**4 - 4*g**2 + 0*g + 0 - 1/720*g**6. Let l(w) be the second derivative of m(w). What is l(-2)?
2
Let k(x) = x**3 - x**2 + 2*x + 41. Let w be k(0). Let v = w - 47. Let f(y) = -y**3 - 6*y**2 + y + 7. Determine f(v).
1
Let m(w) = -w + 3. Let d be m(-4). Let j = -5 + d. Let t(z) be the third derivative of -z**6/60 + z**5/20 + z**4/24 - z**3/3 - 34*z**2. What is t(j)?
-4
Let z(s) = s**3 - 9*s**2 + 10*s - 8. Suppose -25*i = -29*i + 28. Calculate z(i).
-36
Let f(x) = 10*x**3 + 3*x**2 - x - 3. Let u(s) = -60*s**3 - 19*s**2 + 6*s + 20. Let i(p) = 13*f(p) + 2*u(p). Let b be 3/12 + (-3)/(-4). Give i(b).
11
Let a(n) be the second derivative of n**5/20 + 3*n**4/4 + n**3/6 + 3*n**2 + 69*n. Determine a(-9).
-3
Suppose -90*f = -85*f - 50. Let s(z) = -8 - f + 28 - 9 - 5*z. Determine s(1).
-4
Let n(d) = -13*d + 8. Let i(t) = -2*t + 1. Let p(o) = 14*i(o) - 2*n(o). What is p(-3)?
4
Let z(l) = -2*l**2 + l + l + l**2 - l**2 - 1 - 3*l. What is z(-1)?
-2
Suppose 0 = -6*h + 18 + 6. Let y(r) = -r**3 - 28*r**2 - 30*r**2 - r - 5*r + 64*r**2. What is y(h)?
8
Let w(r) = 8*r - 20. Let m(l) = -3*l + 8. Let u(h) = h**3 + 7*h**2 - 7*h - 4. Let p be u(-8). Let s(i) = p*m(i) - 5*w(i). Determine s(-4).
20
Let q = 639 - 639. Let l(t) = t**3 + t**2 + t - 15. What is l(q)?
-15
Let p(g) = 13*g**2 - g + 1. Let b(i) = -21*i**2 + i - 9 + 34*i**2 - 2*i + i**3 + 0*i**3. Let y be b(-13). Let x be (-18)/9 + y + -1. What is p(x)?
13
Let o = -42 - -45. Suppose 2*f - 2*a + 4*a = 10, -f = -a + 5. Let t(g) = 4*g - 4*g + g**2 + f*g**2 + 2 - 6*g. Calculate t(o).
-7
Let f(a) be the third derivative of -a**6/120 + a**5/60 - a**4/24 - 10*a**3/3 + a**2. Suppose -3*v + v - 15 = 5*j, -5*v - 4*j - 12 = 0. Calculate f(v).
-20
Let o(d) = -11656*d + 11667*d - 3 + 4. What is o(2)?
23
Let z(v) = v - 8. Let i(u) = u**2 - 6*u + 8. Suppose 20 = 5*s - 10. Let o be i(s). Let g be z(o). Let x(h) = -h - 6. Give x(g).
-6
Let m(p) = -6*p + 0*p**2 - 6 - p**2 + 9. Let q be 3/(-4) + (-51)/12. Give m(q).
8
Let a(q) = -q**3 + 6*q**2 - 5*q + 3. Let d be a(5). Let p(v) = -1 - v + 5*v - d*v. Let j = 3303 + -3299. Calculate p(j).
3
Let u(d) = -2*d**3 - 2*d**2 + d. Let c(q) = 11*q + 23. Let p be c(-2). What is u(p)?
-3
Let n(k) be the first derivative of -22 + 0*k**2 - 4*k - 1/3*k**3. What is n(3)?
-13
Let i(v) = 5*v**3 - 15*v**2 - 5*v. Let q(f) = -3*f**3 + 8*f**2 + 3*f. Let j(u) = 6*i(u) + 11*q(u). Calculate j(2).
-26
Suppose 0 = -2*l - 1 + 15. Let r(c) = -2*c + 8. Determine r(l).
-6
Let p(r) = -2*r**2 + r + 4. Suppose -35 = 3*y + 4*s - 21, -29 = -2*y + 5*s. Determine p(y).
-2
Let q(w) be the first derivative of -w**2/2 - 10*w - 826. Determine q(-3).
-7
Suppose 0 = a + m + 13, -a - 18 = 3*m + 5. Let x(f) = -f**2 - 9*f - 4. What is x(a)?
4
Let f(g) = 3 - 7 + 2. Let b(l) be the second derivative of l**4/12 - l**3/6 - l**2/2 + 5*l. Let x(n) = 2*b(n) - f(n). Determine x(2).
4
Let j = 12 + -4. Let b be 342/j - 15/20. Let v(y) = -23*y - 20*y + b*y. Give v(4).
-4
Let c be (-588)/(-126)*(-6)/7. Let a(b) = -b**2 - 3*b + 5. Calculate a(c).
1
Let o be (-2 - 1)/(15/(-575)). Let m be (-2)/10*1 + 598/o. Let c(s) = -s + 5. Give c(m).
0
Let i(k) = k**3 - 10*k + 1. Let z(j) = -5*j**3 + 7*j**2 + 47*j - 1. Let b(a) = -4*i(a) - z(a). Suppose 3*h - 3*x = 39, -5*h + 15 + 10 = 3*x. Calculate b(h).
5
Let y(d) = -3 - 3*d - 4 + 2*d. Let f = -5 + 5. Suppose -w = -f*w. Determine y(w).
-7
Let w(h) = 5 + 9277*h + h**3 - 1 - h**2 - 9276*h. Determine w(3).
25
Let j(l) = l**3 + 3*l**2 - 4*l + 5. Suppose 0 = 5*t + n - 0*n - 14, -5*t - 3*n = -22. Suppose t = g - 2, -3*z + 55 = -5*g. Let q = 21 - z. What